atest common factor of 10 and a.
10
Let x be 124/2 + -2 + 1 - 1. Let r = -6 + 30. What is the highest common factor of x and r?
12
Suppose 0 = 2*j + 5*m - 310, -2*j + 5*m + 294 = 2*m. Let i = 755 + -725. Calculate the greatest common divisor of j and i.
30
Let p be (-258)/8*-6 - (-14)/(-28). Suppose -4*a + 2*k = 110 - 264, 3*k + p = 5*a. Calculate the highest common divisor of 19 and a.
19
Suppose -20*c - 722 = -22*c. Calculate the greatest common divisor of c and 19.
19
Suppose -102*j = -104*j + 32. Calculate the highest common factor of j and 80.
16
Suppose 8*j - 10 = 6*j. Suppose h = -4*t + 270 - j, t = 3*h - 756. Let a = 43 + -20. Calculate the highest common factor of a and h.
23
Let m(s) = 2*s**2 + s. Let x be -1*(-8)/4 - -3. Suppose -17 = d + 4*i, 0 = -4*d + d + x*i. Let u be m(d). What is the greatest common factor of 15 and u?
15
Let d be (-286)/(-8) + 1/4. Let g be 209/(-14 - -3) + 109. What is the highest common divisor of d and g?
18
Suppose 2*b - 77*b = -30375. Calculate the highest common divisor of b and 90.
45
Suppose 4*v + 5*o - 110 = 0, -2*v - 3*o + 50 = 2*o. Let q be (-4)/((-8)/39*6/(-8)). Let r = v + q. What is the highest common factor of 44 and r?
4
Suppose 5*b + 2*f - 901 = -68, 2*b = 2*f + 336. Suppose 41 = -7*i + b. Calculate the highest common factor of i and 18.
18
Suppose -809*x = -812*x + 252. Calculate the highest common factor of 56 and x.
28
Let h = 60 + 24. What is the highest common factor of 336 and h?
84
Suppose 42*x - 625 = 37*x - 4*o, -2*x + 273 = -3*o. What is the highest common divisor of x and 129?
129
Suppose 2 = -4*d + 10. Suppose -p + 8 - d = 0. Let y be ((-45)/(-20))/(p/16). Calculate the highest common divisor of y and 30.
6
Let t(b) = b**3 + 13*b**2 - 4*b + 8. Let v be t(-13). Suppose 4*i + i + 4*q = 88, -17 = -i - q. What is the highest common factor of v and i?
20
Let t = -75 - -135. Let b = 512 - 362. What is the greatest common factor of t and b?
30
Suppose -2*r + 5 = -5. Suppose -3*l = -r*l - 4*d + 32, 0 = 2*l - 4*d - 56. Suppose -49 = -j - 16. Calculate the greatest common divisor of j and l.
11
Let c(n) = 2*n**2 - n - 1. Let b be c(2). Let p(g) = 5*g + 15. Let l be p(b). What is the highest common factor of 60 and l?
20
Let m be (2 + -2)*((-20)/(-8) + -2). Suppose -4*n + 232 = 3*z, m = 4*n - 6*z + 3*z - 208. Calculate the greatest common factor of n and 44.
11
Let h(r) = -26*r - 28. Suppose b = -2*t - 7, 5*b = 2*t - 5*t - 21. Let m be h(b). What is the greatest common divisor of 10 and m?
10
Let f be 5/((-5)/(-4)) + -6. Let x(t) = -18*t**3 - 2*t - 2. Let r be x(f). Let g = 378 - r. What is the highest common divisor of 29 and g?
29
Let n(q) = 41*q**3 - q**2 - 3*q + 3. Let s be n(1). Calculate the greatest common factor of s and 10.
10
Let o(m) = -23. Let h(b) = b + 1. Let y(v) = -5*h(v) + o(v). Let l be y(-8). What is the greatest common divisor of 8 and l?
4
Let d be (-12996)/(-20) - -1 - (-4)/(-5). Calculate the greatest common factor of 50 and d.
50
Suppose 355 = r - 5*h, 0 = 3*r + h - 629 - 420. Calculate the highest common divisor of r and 14.
14
Let q(u) = u**2 + u. Let n(x) = -x**3 - 8*x**2 - 7*x + 1. Let i(z) = n(z) + 5*q(z). Let v be i(-6). What is the highest common divisor of 11 and v?
11
Let h be (-10)/2*36/(-10). What is the greatest common divisor of 45 and h?
9
Let x(q) = q**3 - 8*q**2 + 9. Let i be x(9). Let s be 32/(-1 + -1)*18/(-8). Let v be (s/(-10))/(-3)*(-3 - -33). What is the greatest common divisor of v and i?
18
Let k(h) = -4*h - 2. Let r be k(-3). Calculate the greatest common factor of 215 and r.
5
Let n be 1/(((-2)/2)/3). Let q be 4/(-4)*-102 - n. Calculate the highest common factor of 42 and q.
21
Suppose 143 = 2*s + 127. Suppose 110 = s*p - 3*p. Suppose 0*v = v - 198. Calculate the greatest common factor of v and p.
22
Suppose -2*f + 2 = 6. Let g be 6*(f/3 - -1). Calculate the highest common factor of 8 and g.
2
Let s = 13 + -8. Suppose h + 4 = -4*p - 9, 5*p = s*h - 35. Suppose h*z - 238 = -5*w, 0*z - 4*w = z - 77. What is the greatest common divisor of z and 9?
9
Let t(x) = x**3 + 4*x**2 - 5*x - 6. Let b be t(-4). Let y = 28 - b. Suppose 0 = -h - 4*j - 0*j + 55, 2*j - 10 = 0. What is the highest common factor of y and h?
7
Let t(s) = -s**2 - 9*s + 3. Let c = -24 + 15. Let f be t(c). Suppose w + f*w - 176 = 0. Calculate the highest common factor of w and 110.
22
Let i(f) = -53*f + 123. Let v be i(2). What is the highest common divisor of 357 and v?
17
Let s(o) = 125*o**2 - 2*o - 4. Let y be s(-1). What is the highest common divisor of y and 82?
41
Let c(u) = u**3 + 2*u**2 - 83*u - 4. Let p be c(-9). Calculate the highest common factor of p and 64.
16
Suppose -115*m = -59*m - 4704. Calculate the highest common divisor of 28 and m.
28
Let h = -83 - -195. What is the greatest common factor of h and 16?
16
Let w(r) = -2*r**2 + 57*r - 164. Let v be w(25). Calculate the highest common factor of 9 and v.
1
Let t = 880 - 583. Suppose -16*s + 310 = -122. What is the highest common factor of s and t?
27
Let l = 1 - -1. Let k = -28 - -48. Suppose -l*v = 2*w - k, w + 34 = 6*w + v. What is the highest common divisor of 48 and w?
6
Let y = -106 - -162. Let p(j) = -j**3 - 5*j**2 + 8*j + 10. Let m be p(-6). Let k be (-14)/(1/m*4). What is the greatest common divisor of y and k?
7
Let r be (2/4)/((-1)/(-48)). Suppose -46 = -2*o - 14. What is the greatest common factor of r and o?
8
Let a be (-20)/(-30) - 19/(-3). Suppose 5*w = -b + 23, 3*w + 3*b - a = 2. Suppose -w*i + 51 = -2*i. Calculate the highest common factor of i and 119.
17
Let u = 831 + -174. What is the highest common divisor of u and 73?
73
Let v = -3 - -7. Suppose -4*t - 4 = -8. Suppose 4*i + 12 = v*k, -k = 2*i + t + 2. Calculate the highest common factor of 4 and k.
1
Suppose -3*f + 67 = 5*u - 226, 2*f - 217 = u. Calculate the highest common factor of 1802 and f.
106
Suppose 42*z - 1153 = 3383. Calculate the highest common divisor of 135 and z.
27
Suppose -5*x - 2 = -3*a - 4*x, 4*a = 2*x. Suppose 0 = -2*w - a*w. Suppose -o + 4*o - 45 = w. What is the greatest common factor of 3 and o?
3
Let g be ((-10)/(-6))/((-27)/(-567)). What is the greatest common divisor of g and 70?
35
Let g(z) = z**2 + 35*z + 154. Let h be g(-30). Calculate the greatest common divisor of h and 31.
1
Suppose 2*z - 42 = -3*x, -5*z = 6*x - 8*x - 105. Let m = 65 - z. Calculate the highest common divisor of 110 and m.
22
Suppose 18*q = 6478 + 3008. Calculate the highest common divisor of 17 and q.
17
Let k be (1440/168)/((-3)/(-14)). Let i be (-12)/(-20) - (-94)/10. Calculate the highest common factor of k and i.
10
Let r(u) = -2*u**2 + 26*u - 7. Let s be r(12). Calculate the highest common divisor of s and 323.
17
Suppose -725*d = -731*d + 168. Calculate the greatest common divisor of 476 and d.
28
Suppose -2*u + 7*u - 15 = 0. Suppose u*c = 3*q - 183, 4*q + 3*c - 251 = -0*c. Calculate the highest common divisor of 31 and q.
31
Let c = -42 + 43. Let a be 28/(-1)*c/(-2). What is the highest common divisor of 182 and a?
14
Let a = 76 + -42. Calculate the highest common factor of 170 and a.
34
Let g = -8578 - -8598. Let p be (0 - -1) + -2 + 11. What is the highest common divisor of g and p?
10
Let a be -19*(2 + -13 - (-84)/14). What is the greatest common divisor of a and 20?
5
Let h be (-3 - -13)/(-2) - -4. Let n be -3 + (-2 - -3 - h). Let y be n*18/(-8)*120. What is the highest common divisor of y and 30?
30
Let o = 1651 - 1310. Calculate the highest common factor of o and 55.
11
Suppose 6*h = 164 + 10. What is the greatest common divisor of h and 551?
29
Suppose 0 = -4*a - 3*p + 885, 3*a + 11*p = 7*p + 662. Calculate the greatest common factor of a and 74.
74
Let h(k) = k**3 - 33*k**2 + 25*k + 237. Let i be h(32). What is the highest common factor of i and 26?
13
Suppose -7*z + 2*z = 2*p - 95, 2*z + 4*p = 22. What is the greatest common factor of z and 27?
3
Suppose 0 = -4*o - 4 - 4. Let t(x) = 4*x + 0*x - 2 + 8 + 42*x**2 - 4. Let k be t(o). What is the highest common divisor of k and 18?
18
Let b(q) = q**2 - 9*q + 3. Let r be b(9). Suppose -k - 197 + 68 = -5*s, -2*k - 76 = -r*s. Calculate the highest common divisor of 52 and s.
26
Let n(s) = 3*s**2 + 46*s + 37. Let l be n(-16). Calculate the highest common factor of 69 and l.
69
Let l = 121 